-109. List the prime factors of t.
7, 13, 23
Suppose 3722*d = 3726*d - 125417 - 14943. What are the prime factors of d?
2, 5, 11, 29
Suppose 0*k + 3*k = -5*u + 13, 5*u - 12 = -2*k. Suppose u*j + 1 = -2*g + 3, 0 = -5*g - 25. Suppose -28 = -s + j. What are the prime factors of s?
2, 17
Let u(o) = -3*o + 85. Let y = 148 - 121. Let r be u(y). Let h(m) = 25*m + 5. What are the prime factors of h(r)?
3, 5, 7
Let n = 57650 - 42251. List the prime factors of n.
3, 29, 59
Let f be ((-12)/(-1))/(-4 - 10/(-4)). Let h be (30/f)/(-6*1/(-16)). Let m(i) = -8*i - 44. List the prime factors of m(h).
2, 3
Suppose -4*b + 2*u = 28, -2*b - 3*b = 4*u + 22. Let r(v) = -v**3 - 5*v**2 + 4*v + 21. What are the prime factors of r(b)?
3, 11
Let c(x) = -x**3 - 34*x**2 - 38*x - 48. Let k be c(-33). Let f = 242 + k. List the prime factors of f.
359
Suppose 0 = -73*d + 14*d - 466842 + 1426949. List the prime factors of d.
16273
Let s(q) = 61*q + 64. Let t(r) = 123*r + 130. Let b(x) = -13*s(x) + 6*t(x). What are the prime factors of b(-21)?
1103
Suppose -8*y + 12*y + 312 = 0. Let s = -54 - y. Suppose -s = -r + 23. What are the prime factors of r?
47
Let z be 9/(-45) + (1 - (-49)/(-5)). Let x(w) = -w**3 - 8*w**2 - w + 17. Let l be x(z). Suppose 118 = 3*o - l. List the prime factors of o.
3, 5
Let g = 299 - 333. Let d = g - -148. What are the prime factors of d?
2, 3, 19
Suppose 5 - 17 = 4*s. Let d = s - -46. Let p = d + -41. What are the prime factors of p?
2
Suppose 3*f - 16 = 5*r - 91, 0 = -4*f - 3*r - 71. Let l(y) = y**2 - 19*y - 4. List the prime factors of l(f).
2, 97
Let c = 448 - 183. Suppose -c = -3*m - 10. Let v = 146 - m. What are the prime factors of v?
61
Suppose 4*u = f - 21, -u + 6*u = 0. Let a = f - 19. What are the prime factors of 15/(a + 105/(-55))?
3, 5, 11
Let v be 1/(-2)*(-1604 - 40/5). Let a = 1715 - v. What are the prime factors of a?
3, 101
Suppose 55*l - 1152818 + 199393 = 0. What are the prime factors of l?
5, 3467
Suppose 1602 = -5*j + 23*j. Suppose -5*f + 139 = 4*u, 5*f - 4*u - j = 42. List the prime factors of f.
3
Let c = 5862 + -4090. Let m = -1157 + c. List the prime factors of m.
3, 5, 41
Let x(y) = 7*y**2 + 12*y + 23. Let o be (-73)/5 + (-32)/80. What are the prime factors of x(o)?
2, 709
Let d(j) = -3*j**2 - 2*j - 5. Let g be d(-4). Suppose 3*i - 45 = 3*k, 0 = 3*i + 2*k + 2*k - 10. What are the prime factors of i/g - (-461)/9?
3, 17
Let v(n) = 12*n**3 + 7*n**2 - 16*n - 63. List the prime factors of v(13).
2, 3, 2273
List the prime factors of 7802 + (-18)/(-2)*(-92)/138 + 5.
29, 269
Let g = 29769 - 9642. List the prime factors of g.
3, 6709
Suppose -9889*r - 1793 = -9900*r. List the prime factors of r.
163
Let u(k) = k**2 + 7*k - 51. Let v be u(-17). Let r = 126 - v. List the prime factors of r.
7
Suppose 0 = 6*j + z - 142536, 348*z + 95014 = 4*j + 347*z. List the prime factors of j.
5, 4751
Suppose -39*y + 471431 + 145042 = 0. List the prime factors of y.
3, 11, 479
Let f(q) = q + 10. Let z be f(-4). Let j(n) = -7*n - 9. Let m be j(z). Let l = 74 + m. List the prime factors of l.
23
Suppose 10005 = 6*k - 6867. Suppose 37*n + k = 41*n. List the prime factors of n.
19, 37
Let q be (-2)/7 + (54/42 - -2). Suppose 5*w - 2*b = 2*b + 19, 6 = w - q*b. Suppose 0 = 3*a - w*v - 201, -2*v + 180 = 3*a + 2*v. What are the prime factors of a?
2
Let y(f) = -f**3 - 25*f**2 + 55*f + 29. Let b be y(-27). Suppose -2*u = -5*s - 433, -b*u = -s + 15 - 460. What are the prime factors of u?
2, 7
Let d be (6 + 3)*(-13)/(-39) + 7962. Suppose 190*f - 195*f = -d. What are the prime factors of f?
3, 59
List the prime factors of (38106/261)/(122/(-126) + 1).
3, 7, 73
Suppose 10*p + 0 - 10 = 0. Let o(l) = 267*l**2 - 4*l - 2. List the prime factors of o(p).
3, 29
Suppose 0 = -53*y - 12*y + 65. What are the prime factors of (y - -6)*(-11 + 8)*-37?
3, 7, 37
Let b(d) = 896*d**2 + 126*d + 345. List the prime factors of b(-5).
5, 4423
Let z(o) = 10*o**3 - 3*o - 2. Let s be z(-1). Let q = s - -12. Suppose -c + 691 = q*v, 5*c = -3*v + c + 694. What are the prime factors of v?
2, 5, 23
Suppose -10*q + 13*q = 45. Suppose 0 = q*n + 149 - 1229. What are the prime factors of n?
2, 3
Let r = 12601 - 12371. Let k(g) = -g + 10. Let z be k(5). Let u = z + r. What are the prime factors of u?
5, 47
Let g(p) be the first derivative of -3*p**4/4 + 5*p**3/3 - 8*p + 14. List the prime factors of g(-4).
2, 3, 11
Let g(v) = 76*v**2 + 3*v - 39. Let h be g(4). Let a = h - 274. What are the prime factors of a?
3, 5, 61
Let i = -13 + 13. Suppose -67 = f - i*f. Let j = -33 - f. List the prime factors of j.
2, 17
Let p = 44 + -32. Suppose -3*h + p = -0*h. Suppose -h*q + 387 = 5*q. List the prime factors of q.
43
Let h = 14829 + 11060. List the prime factors of h.
25889
Suppose 0 = -4*q + 5556 + 69124 + 7044. List the prime factors of q.
20431
Suppose -446*x - d = -450*x + 28750, 14408 = 2*x + 5*d. List the prime factors of x.
7, 13, 79
Let z be 4/((-2)/1 - -4) + 520. Suppose 0 = -x - 3*a - 128, -2*a + 4*a = -4*x - z. Let q = x - -186. List the prime factors of q.
5, 11
List the prime factors of 5*(-1540448)/(-160) + -10 + 0.
3, 61, 263
Let w(y) = 17*y**2 + y - 12. Let f be w(-5). Let k = -46 + f. List the prime factors of k.
2, 181
Let z = 182 + -199. Let g(p) = -57*p - 157. List the prime factors of g(z).
2, 7, 29
Let r be -1 - (15/(-5) - 5). Let i = r + -2. Suppose -114 = -2*o - i*u, 0*u + 2*u - 243 = -5*o. What are the prime factors of o?
47
Suppose 14 = -4*b + 42, -15956 = -l - b. List the prime factors of l.
41, 389
Suppose 3*t = 11*o - 6*o - 304, -3*o = -4*t - 178. Suppose 0 = b - 378 + o. Let v = b - 107. List the prime factors of v.
11, 19
Suppose -4*f + 5*l + 1542 = 0, -4*f + 18*l = 16*l - 1548. Suppose 1060 = 8*h - f. What are the prime factors of h?
181
Suppose 49*d - 6091 = 7286. What are the prime factors of d?
3, 7, 13
Let i be (-1)/((-2 - 0)/526). Let f be (1/3)/(48/(-24768)). Let w = f + i. What are the prime factors of w?
7, 13
Let v(p) = 2*p**3 + 4*p**2 - 4*p - 4. Let w be v(-2). Suppose w*c + c - g = 2901, -g = c - 585. List the prime factors of c.
7, 83
Suppose -28*l - 2385 = -37*l. Suppose 5*r = l + 415. Suppose 3*k - r = 164. What are the prime factors of k?
2, 5
Suppose -17*t - 51 = -20*t. Suppose -2*b - t = -5*o, -o - 2*o - 3*b = -6. What are the prime factors of o?
3
List the prime factors of (-94636)/24*(-9 + (-8 - -11)).
59, 401
Let w(n) = -n**3 + 14*n**2 + 2310*n - 61. What are the prime factors of w(51)?
2, 2689
Let y(v) = 265*v - 137*v + 71 - 131*v. List the prime factors of y(6).
53
Let m(v) = -106*v**2 + 2*v + 2. Let l be m(-2). Let k = l + 747. Suppose 2*o - 242 = -2*q, -2*o + 3*q - 99 = -k. List the prime factors of o.
3, 13
Let p(h) = h**3 - 10*h**2 - 2*h + 16. Let t be p(10). What are the prime factors of ((-131)/t)/(1/8)?
2, 131
Let v(n) be the first derivative of n**4/4 + 17*n**3/3 + 6*n**2 - 2*n + 22. Let a be v(-6). Let y = a + -69. List the prime factors of y.
11, 23
Suppose 7*l - 15*l - 88 = 0. Let g(m) = -3*m - 27. List the prime factors of g(l).
2, 3
Suppose -k + 15 = 2*k. Suppose 11*z - 28 = k. What are the prime factors of (-2)/(-5) - ((-466)/10 - z)?
2, 5
Suppose -5*d - 2 = -17. Suppose -t + d = -2*t. Let y = t + 7. What are the prime factors of y?
2
Let v(o) = o**3 + 66*o**2 - 464*o - 9. List the prime factors of v(-72).
3, 5, 17
Let d(h) = 102*h - 34. Suppose -5*r = -2*q + 3, 0 = -2*q - 4*r + 29 + 19. What are the prime factors of d(q)?
2, 17, 41
What are the prime factors of (-99)/(-9) - -1255 - 1?
5, 11, 23
Suppose 2*u - 31 = -5*r, -16*u + 18*u - 4*r = -14. List the prime factors of 5/(105/4837)*u.
691
Suppose 2450 = -17*g + 11681. Let z = 1230 - g. List the prime factors of z.
3, 229
Suppose -2*g = 110 - 116. Suppose -3*j = g*i - 39, 5*j - 21 = -2*i + 59. What are the prime factors of j?
2, 3
List the prime factors of (2 - 645/(-90))*762.
5, 11, 127
Suppose 0 = -3*w + 3*u + 15, 0 = w + 4*u + 7 - 2. Suppose 4*g = 2*n - 1050, -w*g + 313 = n - 192. List the prime factors of n.
11, 47
Let q = -585 - -2348. Let y = -647 + q. What are the prime factors of y?
2, 3, 31
Let k = 37601 - 9379. What are the prime factors of k?
2, 103, 137
Let x(r) = -2*r**3 - 6*r**2 + 3*r + 2159. List the prime factors of x(0).
17, 127
Let t(a) = -11*a**2 - 3. Let u be t(2). L